{"id":1010,"date":"2025-09-22T12:14:53","date_gmt":"2025-09-22T12:14:53","guid":{"rendered":"https:\/\/www.elinarodriguez.fi\/?page_id=1010"},"modified":"2026-01-28T19:50:15","modified_gmt":"2026-01-28T19:50:15","slug":"yhteystiedot","status":"publish","type":"page","link":"https:\/\/www.elinarodriguez.fi\/index.php\/yhteystiedot\/","title":{"rendered":"Yhteystiedot"},"content":{"rendered":"\n<div class=\"wp-block-columns alignfull is-layout-flex wp-container-core-columns-is-layout-28f84493 wp-block-columns-is-layout-flex\">\n<div class=\"wp-block-column is-layout-flow wp-block-column-is-layout-flow\" style=\"flex-basis:50%\">\n<figure class=\"wp-block-image aligncenter size-medium\"><img loading=\"lazy\" decoding=\"async\" width=\"300\" height=\"214\" src=\"http:\/\/www.elinarodriguez.fi\/wp-content\/uploads\/2025\/09\/492329188_664357229890151_6180215324684641648_n-300x214.jpg\" alt=\"Kuva Palestiina-mielenosoituksesta. Elina keskell\u00e4, p\u00e4\u00e4ss\u00e4 pinkki pipo ja valkoinen palestiinalaishuivi. Taustalla Amnesty Suomen kyltti tekstill\u00e4 &quot;Stop the genocide&quot;.\" class=\"wp-image-6\" srcset=\"https:\/\/www.elinarodriguez.fi\/wp-content\/uploads\/2025\/09\/492329188_664357229890151_6180215324684641648_n-300x214.jpg 300w, https:\/\/www.elinarodriguez.fi\/wp-content\/uploads\/2025\/09\/492329188_664357229890151_6180215324684641648_n-1024x731.jpg 1024w, https:\/\/www.elinarodriguez.fi\/wp-content\/uploads\/2025\/09\/492329188_664357229890151_6180215324684641648_n-768x548.jpg 768w, https:\/\/www.elinarodriguez.fi\/wp-content\/uploads\/2025\/09\/492329188_664357229890151_6180215324684641648_n-1536x1097.jpg 1536w, https:\/\/www.elinarodriguez.fi\/wp-content\/uploads\/2025\/09\/492329188_664357229890151_6180215324684641648_n-1140x814.jpg 1140w, https:\/\/www.elinarodriguez.fi\/wp-content\/uploads\/2025\/09\/492329188_664357229890151_6180215324684641648_n.jpg 2048w\" sizes=\"auto, (max-width: 300px) 100vw, 300px\" \/><\/figure>\n<\/div>\n\n\n\n<div class=\"wp-block-column is-vertically-aligned-center is-layout-flow wp-block-column-is-layout-flow\" style=\"padding-top:1em;padding-right:1em;padding-bottom:1em;padding-left:1em\">\n<div class=\"wp-block-columns is-layout-flex wp-container-core-columns-is-layout-28f84493 wp-block-columns-is-layout-flex\">\n<div class=\"wp-block-column is-layout-flow wp-block-column-is-layout-flow\" style=\"flex-basis:320px\">\n<p class=\"has-small-font-size\" style=\"line-height:1.6\"><strong>Ota yhteytt\u00e4<\/strong><\/p>\n\n\n\n<p class=\"has-small-font-size\" style=\"line-height:1.6\">elina.rodriguez@lh.luvn.fi<\/p>\n\n\n\n<p><\/p>\n<\/div>\n<\/div>\n<\/div>\n<\/div>\n\n\n\n<div style=\"height:100px\" aria-hidden=\"true\" class=\"wp-block-spacer\"><\/div>\n\n\n\n<p><\/p>\n","protected":false},"excerpt":{"rendered":"<p>Ota yhteytt\u00e4 elina.rodriguez@lh.luvn.fi<\/p>\n","protected":false},"author":3,"featured_media":0,"parent":0,"menu_order":0,"comment_status":"closed","ping_status":"closed","template":"","meta":{"footnotes":""},"class_list":["post-1010","page","type-page","status-publish","hentry"],"_links":{"self":[{"href":"https:\/\/www.elinarodriguez.fi\/index.php\/wp-json\/wp\/v2\/pages\/1010","targetHints":{"allow":["GET"]}}],"collection":[{"href":"https:\/\/www.elinarodriguez.fi\/index.php\/wp-json\/wp\/v2\/pages"}],"about":[{"href":"https:\/\/www.elinarodriguez.fi\/index.php\/wp-json\/wp\/v2\/types\/page"}],"author":[{"embeddable":true,"href":"https:\/\/www.elinarodriguez.fi\/index.php\/wp-json\/wp\/v2\/users\/3"}],"replies":[{"embeddable":true,"href":"https:\/\/www.elinarodriguez.fi\/index.php\/wp-json\/wp\/v2\/comments?post=1010"}],"version-history":[{"count":9,"href":"https:\/\/www.elinarodriguez.fi\/index.php\/wp-json\/wp\/v2\/pages\/1010\/revisions"}],"predecessor-version":[{"id":1269,"href":"https:\/\/www.elinarodriguez.fi\/index.php\/wp-json\/wp\/v2\/pages\/1010\/revisions\/1269"}],"wp:attachment":[{"href":"https:\/\/www.elinarodriguez.fi\/index.php\/wp-json\/wp\/v2\/media?parent=1010"}],"curies":[{"name":"wp","href":"https:\/\/api.w.org\/{rel}","templated":true}]}}